 the highest common divisor of 976 and g.
61
Let h be ((-1)/7 - (-144)/(-168))*7. Let i be (-42)/((-15)/27 + h/(-21)). What is the greatest common factor of i and 42?
21
Let g(m) = 445*m + 1341. Let y be g(-3). Calculate the greatest common factor of y and 33.
3
Let a(n) = 4*n**2 + 318*n - 3769. Let z be a(11). What is the greatest common divisor of 38553 and z?
213
Suppose -14*c - 24 = -20*c. Suppose 4*y + c*k - 176 = 2*k, -188 = -4*y + 4*k. What is the highest common factor of 3 and y?
3
Suppose -o - 35 = -2*f, 3 = f - 4*o - 18. Suppose -f*x - 88 = -241. Calculate the greatest common factor of x and 45.
9
Let c = 305 - 302. Suppose 61 = 3*d + v, c*v = -3*d + 7 + 56. What is the greatest common divisor of 10 and d?
10
Suppose 0 = 15*i - 59 - 46. Suppose 62*h - 43*h - 1064 = 0. Calculate the highest common divisor of h and i.
7
Suppose 0 = -5*z + 15, -2*d + 48 = -5*z - 15. Suppose 0 = 2*k - 0*k - 5*h - d, 50 = 3*k + h. What is the highest common factor of 2 and k?
1
Suppose 3 = 3*r - 3*k, 4*r + 3*k - 88 = -70. Suppose 5*h - 990 = -5*p, 2*p - 5*p = 9. What is the greatest common factor of h and r?
3
Let f be ((-22)/(-10) + 1)/(13/4940). Let l be (-19)/((-9)/(-3) - 4). Calculate the highest common divisor of l and f.
19
Let m(b) = b**3 + 2*b**2 - 6*b - 14. Let f be m(-3). Let d(x) = 2*x + 22. Let r be d(f). Calculate the greatest common factor of r and 108.
12
Let v = -23854 + 23911. Calculate the highest common factor of 285 and v.
57
Suppose 55*k + 277 = -53. Let a(g) = -g**2 - 13*g - 18. Let q be a(k). What is the greatest common divisor of q and 156?
12
Suppose w - 4*x + 907 = 1345, 5*w + 5*x - 2165 = 0. What is the highest common factor of 186 and w?
62
Let v = 55 + 33. Suppose 4*j = -172 - v. Let s = 10 - j. What is the highest common divisor of 15 and s?
15
Suppose -2*b - 3*b = 3*b. Suppose b = 10*z - 58 + 38. Calculate the greatest common divisor of 11 and z.
1
Let f(v) = 4*v**2 + 23*v - 4. Let s be f(-9). Suppose -s*j + 110*j + 348 = 0. Calculate the greatest common divisor of j and 29.
29
Suppose -8*l - l = -18. Suppose l*q - u = 1, -19 = -5*q - 2*u - 3. Suppose q*j - 6*j + 832 = 0. Calculate the highest common factor of 26 and j.
26
Let y be (-146)/292*(-12933 + -1). What is the greatest common factor of y and 29?
29
Let g(z) = -z**2 + 17*z + 27. Let v be g(13). Suppose v = 5*b - 136. What is the greatest common divisor of 215 and b?
43
Let p be (-20)/190 + (56020/(-76))/(-1). Suppose -736*q + p*q - 378 = 0. What is the greatest common factor of 28 and q?
14
Let n be -10 + (-448)/(-12) + 4/6. Calculate the greatest common factor of n and 364.
28
Suppose 5*t = -8*t. Suppose t = 17*v - 15*v - 16. Calculate the greatest common divisor of 12 and v.
4
Let c = -3164 + 4571. What is the highest common divisor of 42 and c?
21
Let h = 5424 + -5364. Let b(m) = 2*m**3 - 2*m**2 - 6*m + 3. Let c be b(4). What is the greatest common divisor of h and c?
15
Suppose -3*m + 2176 = 2*a, m - 729 = -1311*a + 1314*a. Calculate the highest common factor of 165 and m.
33
Let u be 25 + (-3 - -1) + 3/(-1). What is the greatest common factor of 130 and u?
10
Let a = -9 - 2. Let f = a + 16. Suppose -8 = 4*h + 5*z, 0 = -4*h + f*h - z - 7. Calculate the highest common divisor of 27 and h.
3
Suppose -18*h + 21*h + s - 588 = 0, 0 = -2*h - s + 393. Suppose 407 = 7*x - h. Calculate the highest common factor of x and 43.
43
Let j(q) = q**3 + 5*q**2 + q - 1. Let i be j(-3). Let o be 4 + -886 + (-40)/(-4). Let z = o - -900. Calculate the greatest common factor of i and z.
14
Let t(h) = 3*h**2 - 108. Let n be t(14). What is the highest common divisor of n and 15?
15
Let c(i) = -598*i - 2823. Let f be c(-6). Calculate the highest common divisor of f and 117.
9
Let p(i) = 3*i**2 + 9*i + 10. Let d be p(-5). What is the highest common factor of 194 and d?
2
Let g(o) = 6*o**2 - 19*o - 17. Let y be g(11). What is the highest common factor of 925 and y?
25
Let h = 12874 + -7102. Calculate the highest common divisor of 195 and h.
39
Suppose 12160 = 27*o + 53*o. What is the greatest common divisor of o and 19?
19
Suppose 4*g - 409 = 4*a + 399, 3*a = -g + 130. Let x = -204 + 365. Calculate the greatest common divisor of x and g.
23
Let m be (-20)/16 + 3 - 120650/(-200). Calculate the greatest common divisor of 253 and m.
11
Let j(d) = -d - 21. Let m be j(-23). Suppose -m*f = 4*h - 90, -f + 2 = -h - 58. Calculate the greatest common factor of f and 121.
11
Let z be -3 - (-56 - -33)/(2/10). Let w = 22 + -6. What is the greatest common factor of w and z?
16
Let k be (-2)/((-1128)/(-284) + -4). Let x = 75 - k. Suppose x*j + 7 - 87 = 0. What is the highest common factor of j and 50?
10
Suppose 0 = -52*d - 486 + 1682. What is the highest common factor of 6417 and d?
23
Let o be (-21)/(-168) + (9063/8 - -1). Calculate the highest common factor of o and 27.
27
Suppose -4*k - 4*v + 0*v + 44 = 0, -3*v = -5*k + 63. Suppose 17*p = -330 + 1146. Calculate the greatest common divisor of k and p.
12
Let g(u) = -55*u + 64. Let t be g(1). Calculate the highest common divisor of 3879 and t.
9
Suppose 12*z - 297 = z. Suppose 0 = 47*u - 46*u - 3. Calculate the greatest common divisor of z and u.
3
Suppose -5*t = d - 7945, 164*d + 4*t = 169*d - 39667. What is the highest common factor of d and 30?
15
Let s be -10*(40 - 6345/150). Suppose 0 = -4*j + 6*k - 4*k + 102, -k + 87 = 4*j. What is the greatest common divisor of j and s?
23
Suppose l + 18*l = 2451. Suppose 9*m - 348 = l. What is the greatest common factor of 848 and m?
53
Suppose 5*b - 30 = -b. Suppose 0 = b*x - 32 - 18. Let f(c) = c**3 + 5*c**2 + 2*c + 2. Let w be f(-4). Calculate the greatest common divisor of x and w.
10
Suppose -17*o + 10 = -15*o + 4*l, -26 = -2*o + 4*l. What is the greatest common factor of o and 7299?
9
Suppose -7*f + 3*p + 17 = -3*f, 0 = -2*f + p + 9. Let i = 14280 + -14278. What is the highest common divisor of f and i?
1
Suppose 5*q - 288*v + 287*v - 153 = 0, -3*q + 3*v + 75 = 0. Let r be (-2)/4 - 417/(-2). What is the greatest common divisor of q and r?
16
Suppose 6*a - 72 = 2*a. Suppose 0 = -4*m + 151 + 73. Suppose a = 57*k - m*k. Calculate the greatest common divisor of 18 and k.
18
Suppose 82*v = 98*v - 704. Let g = 425 - 183. What is the highest common divisor of v and g?
22
Suppose -137027*v + 137010*v + 133 + 343 = 0. Let d = 84 - 49. What is the greatest common divisor of v and d?
7
Suppose -5*l + 5*b + 11077 = -l, 3*l - 5*b - 8304 = 0. Calculate the highest common divisor of l and 235.
47
Suppose -3*o = -4*y + 583 - 1599, y + o = -261. Let a = 272 + y. Calculate the highest common divisor of a and 105.
15
Suppose 0 = -47*u + 49*u - 1032. Let k be -1 - (-1 + 1 + -6). Suppose 1996 = k*l + u. Calculate the highest common factor of 37 and l.
37
Let n(b) = b**3 - 52*b**2 + 18*b - 276. Let v be n(52). Calculate the greatest common factor of 1452 and v.
132
Suppose -5*n - 3 = -4*o, -11*o = -10*o + 3*n - 5. Suppose 13*i - 55 = o*i. What is the highest common divisor of i and 220?
5
Suppose 68*b = 70*b - 4. Suppose 6*q + b*q = -8800. Let h be (-3)/(-18) + 3/((-72)/q). What is the highest common factor of 230 and h?
46
Suppose -3*j = -m + 68, -3*j - 2*m = -2*j + 11. Let k be (-6)/j + 131/7. Suppose -12192*c + 1824 = -12180*c. Calculate the greatest common factor of k and c.
19
Let i be 745/(-15)*-25 - 1/(-3). Calculate the highest common divisor of i and 138.
138
Let z = 5 - 8. Let l be 4/z - (-16)/3. Suppose 2*y = y + 12. Calculate the highest common factor of l and y.
4
Let c = -439 + 1274. Let o = c - 485. Suppose -2*s = 4*q - o, 3*s - 92 = -4*q + 253. What is the highest common divisor of q and 18?
18
Let j be 49/5 - 4/40*-2. Suppose -3*m = -4*b - 147, -14 = 4*b - 2. What is the greatest common divisor of j and m?
5
Suppose 5*g + f - 2018 - 2235 = 0, 2*f = g - 855. Suppose 4*k - 17 = -x, -2*x = 4*k - 65 + 11. What is the highest common divisor of x and g?
37
Let k be 1 - (2*-1 + -144). Let o(a) = -13*a**2 + 39*a + 214. Let f be o(5). Calculate the highest common factor of k and f.
21
Let o(k) = 613*k**3 - 6*k**2 + 6*k - 4. Let r be o(1). Calculate the highest common factor of r and 261.
87
Let r(k) = -69*k. Let h be r(-1). Let q = -39 + h. Let a(u) = -65*u - 185. Let f be a(-4). Calculate the greatest common facto